prime factors of p.
11
Suppose -s - 5*v = -128, -v + 3*v = s - 149. What are the prime factors of s?
11, 13
Let x(u) = -u**3 - u**2 + u + 2. List the prime factors of x(-3).
17
Let l(a) = -33*a + 2. What are the prime factors of l(-1)?
5, 7
List the prime factors of -6*6/9 - -90.
2, 43
Suppose -3*g = -18 + 3. Suppose g*b - 3*b = 94. What are the prime factors of b?
47
Let s be -2 + 10*(-2)/(-2). Let q(u) = u**2 + 5*u + 5. Let b be q(-5). Let d = s - b. List the prime factors of d.
3
Suppose j + 2*h = 255, 5*h + 5 = -20. List the prime factors of j.
5, 53
Suppose -5*n = -n - 44. Suppose -74 = -4*l - b, -l = -2*b + 4*b - 22. Let j = l - n. List the prime factors of j.
7
Suppose -3*c + 7*c - 4 = w, 2*c + 4*w + 16 = 0. What are the prime factors of 15 + (c - 3) - 0?
2, 3
Let y(i) = -i**3 + 6*i**2 - 4*i - 3. Let h be y(5). Let p = h - -1. What are the prime factors of p?
3
Let b(o) = -o**2 + 13*o + 16. What are the prime factors of b(13)?
2
Let u(j) be the first derivative of -j**4/4 - 2*j**3 + 5*j**2/2 - 10*j - 1. Let y be u(-7). Suppose 0 = 2*h - y - 12. What are the prime factors of h?
2
Suppose 3*o - 944 = 19. List the prime factors of o.
3, 107
Let z(c) = -173*c - 14. What are the prime factors of z(-2)?
2, 83
Let f(o) = 41*o - 47. List the prime factors of f(6).
199
Let x = 46 - -10. List the prime factors of x.
2, 7
What are the prime factors of 0 + 8/((-12)/(-3))?
2
Let c(m) = -16*m + 1. Suppose -5*g = -2*p + 7*p, 0 = -4*g + 4. List the prime factors of c(p).
17
Suppose 5*x + 9 = 2*a, 4 = 3*a - 2*x - 15. What are the prime factors of a?
7
Let d(r) = -2*r**3 - 7*r**2 - 4*r + 8. List the prime factors of d(-5).
103
Let t(m) = 4 - m + 7*m - 8. What are the prime factors of t(6)?
2
Suppose -4*y - y - 15 = 0. What are the prime factors of 1/(y/(-2) + -1)?
2
Let z(j) = -j - 6. Let f be (8/10)/(5/(-25)). Let q(y) = 3*y + 4. Let x be q(f). What are the prime factors of z(x)?
2
Suppose 3 = -2*c + 11, 4*o = 4*c + 24. Let y = -6 + o. Suppose 0 = -3*a + y*a - 11. List the prime factors of a.
11
Let v(o) = -o**3 - 4*o**2 - o - 2. Let p be v(-4). Suppose -5*g + 5*t = t - 13, 2*t + 1 = -3*g. Suppose j - p = g. List the prime factors of j.
3
Let s = -51 + 103. What are the prime factors of s?
2, 13
Let j(b) be the third derivative of 0 - 2*b**2 + 0*b + 1/60*b**5 + 1/24*b**4 + 8/3*b**3. What are the prime factors of j(0)?
2
Suppose 2*s + 3 = 3*s. Suppose l + 2*z = s*z + 15, 4*l - 63 = z. What are the prime factors of l?
2
Let y(w) = w**2 + 7. Let o be y(0). Suppose 0 = 5*m - 2*a - 19, 4*m - o = 2*m + a. Suppose m*v - 10 = 0, 5*v + 3 + 7 = 2*h. List the prime factors of h.
2, 5
Let o(n) = n**2 + 1. Let h be o(-1). Suppose -31 = 3*z + 4*m, -z + 7 = -m - h*m. Let t = z - -17. What are the prime factors of t?
2, 3
Let v(i) = -i**3 + i**2 - 4*i - 4. List the prime factors of v(-3).
2, 11
Suppose 0 = -5*g - 2*a + 10, -3*g - 15 = 2*g - 3*a. Suppose l - 9 + g = 0. List the prime factors of l.
3
Let x = 3 - 5. List the prime factors of (x/(-3))/((-2)/(-24)).
2
Suppose -152 = -5*d + 63. Suppose 0 = -2*o - 62 + 2. Let m = d + o. List the prime factors of m.
13
Suppose 3*u + 4*q = 68, -4*q = 3*u + q - 67. What are the prime factors of u?
2, 3
Let o(a) = -a - 1. Let k(z) = 11*z + 18. Let h(p) = k(p) + 5*o(p). List the prime factors of h(6).
7
Let x = 2 - -5. Let f(j) = 3*j + 6. Let h be f(-2). List the prime factors of 3 + (h - 1) + x.
3
Suppose r + 99 = 2*b + 15, -5*r - 119 = -3*b. List the prime factors of b.
43
Let y be (-106)/4 - (-3)/6. Let l = y + 37. What are the prime factors of l?
11
Suppose 2 = -0*o + o. Suppose -2*r = -0*r + o. Let a = r + 11. What are the prime factors of a?
2, 5
Let c be ((-2)/(-4) - 0)*6. Suppose 2*x - 4*x - 3*w - 9 = 0, -c*x + 2*w = -19. Suppose 0 = 5*z - 3*y - 87, -x - 2 = -5*y. What are the prime factors of z?
2, 3
Suppose 0 = 3*g - 2*a - 4, 0 = g - 2*a - 2*a + 2. Suppose 2 = -g*f - 5*h - 5, -2*f - 3*h + 3 = 0. Let m = 15 - f. What are the prime factors of m?
2, 3
Let a(h) be the second derivative of 5*h**3 + h**2/2 - 4*h. What are the prime factors of a(1)?
31
Let m(h) = -h**3 - 6*h**2 + h + 8. Let a be m(-6). Suppose -8 = -2*d - a. Let y = d - -1. List the prime factors of y.
2
Let s be ((-2)/4)/((-4)/144). Let j = s - 9. What are the prime factors of j?
3
Suppose -l = 3*l. Suppose -4*p - 2*b + 231 = 43, 3*p - 152 = 4*b. Suppose -4*c + 4*g + p = l, g + g + 60 = 5*c. What are the prime factors of c?
2, 3
Suppose 4*l - 168 = -4*x, -l + 33 = -x - 9. List the prime factors of l.
2, 3, 7
Suppose 326 = 4*x - 2. What are the prime factors of x?
2, 41
Suppose 8*v + 74 = 1106. What are the prime factors of v?
3, 43
Let z(h) = -10*h + 4. List the prime factors of z(-3).
2, 17
Let p be (-12)/(-8) + (-2)/(-4). Suppose s = 2*s - 3, -i - p*s + 22 = 0. What are the prime factors of i?
2
Let q(n) = n**2 + 10*n - 8. Let u be q(-11). What are the prime factors of 3/(u/(-1))*-23?
23
Let j(v) = -v**3 + v**2 + 5. Let d be j(0). Suppose 4*i - 3 = r, -d*r + 0*i = -3*i - 19. What are the prime factors of r?
5
Let u(s) = s + 3. Let w be u(-3). Let x be (-3)/((-3)/10) + 1. Suppose 2*r - 10 = k - 2*r, w = 4*k + r - x. What are the prime factors of k?
2
Suppose 0 = -4*v + 8*v - 716. What are the prime factors of v?
179
Let n be 32/(-14) + (-2)/(-7). What are the prime factors of n/(-2 + 3) - -14?
2, 3
Let q = -3 - -49. List the prime factors of q.
2, 23
Suppose -380 = -4*b + 472. What are the prime factors of b?
3, 71
Let v(c) be the first derivative of c**3/3 + c**2/2 + c - 2. Let g(i) be the first derivative of v(i). List the prime factors of g(1).
3
Let z(g) = g**2 - 3*g - 5. Suppose -3*x + 2 = -4, 0 = 4*j - x - 22. What are the prime factors of z(j)?
13
Suppose 2*d - 26 = 20. List the prime factors of d.
23
Let b be (-6)/9*39/(-2). Let s = -9 + b. Let q(o) = o**2 - o + 4. What are the prime factors of q(s)?
2
Suppose 4*q - 2*a - 362 = 0, 0 = -4*q + 2*a - 5*a + 347. List the prime factors of q.
89
Let o = 26 + -10. Suppose o + 11 = 3*c. Suppose -k + v = -c, -52 = -4*k - 6*v + 2*v. List the prime factors of k.
11
Suppose 32 = 4*n - 3*n. What are the prime factors of n?
2
Let n(r) = r**3 + 9*r**2 - r + 11. Let o(y) = -y - 1. Let h be o(-3). Let a be (18/8)/(h/(-8)). What are the prime factors of n(a)?
2, 5
Suppose 0 = 3*t - 6 - 12. Suppose g - t = 3. List the prime factors of g.
3
Suppose 0 = 3*j + 3 + 6, 3*j + 81 = 4*r. Suppose 6 = l - 4*a, 3*l - r = a - 0. What are the prime factors of l?
2, 3
Let p be -2 + 2 - (-2)/1. Let b(m) = 22*m - 1. List the prime factors of b(p).
43
List the prime factors of -4*2*(-1003)/68.
2, 59
Let n be (1 - 6/2) + 0. What are the prime factors of (3 - 4)/(n/20)?
2, 5
Let j(r) = r**3 - 3*r**2 - r. Suppose -p + 7 = 3. What are the prime factors of j(p)?
2, 3
Let d(x) = 2*x - 2. Let m be d(4). Suppose 2*p + 3*p - m = -3*o, p = -3*o + 6. What are the prime factors of o?
2
Suppose 0 = -3*w - 13 + 49. Suppose 3*s - 6*s + w = 0. What are the prime factors of s?
2
Suppose 3*i - 5*g + 13 = 0, -4*g + 20 = -4*i - 0*i. Let s(a) = -a**3 - 4*a**2 + 8*a - 3. What are the prime factors of s(i)?
3, 7
Let z = -13 - -33. Suppose -i = 4*i - z. What are the prime factors of i?
2
Suppose -5*g + 0*g = -370. What are the prime factors of g?
2, 37
Let s be 194/18 - (-10)/45. Suppose 3*n + 2 = s. Suppose -3*w + 0*w = x - 5, -15 = -n*x + 3*w. What are the prime factors of x?
5
Suppose 0*g - 4*g = -8. List the prime factors of g.
2
Let k be (-5)/((-2)/(1 + -11)). Let c = k + 43. List the prime factors of c.
2, 3
Suppose 3*z = -5*v + 15, 0*v = v + z - 3. Suppose v*o + 0 = 114. List the prime factors of o.
2, 19
Suppose 15 = y - 2*i, 3*y - 20 = -2*y - i. Suppose -2*z + 53 = -o, 2*o + 54 = -y*z + 182. Suppose 2*k = -2 + z. What are the prime factors of k?
2, 3
Let z(t) = -2*t - 4. Let j be 18/(-5) + 4/(-10). What are the prime factors of z(j)?
2
Suppose 0 = -3*k - 0 + 6. List the prime factors of 0/8 + 6/k.
3
Let a(k) = -k**2 + 9*k - 9. Let i be a(7). List the prime factors of (i/(-2))/((-2)/12).
3, 5
Let p be 2/2 - 4*-1. Suppose p*q = 5*t + 15, 2 = 3*q - 2*t - 8. List the prime factors of q.
2
Suppose 0 = r - 13 - 113. List the prime factors of r.
2, 3, 7
Suppose 4*o + 16 = s - 12, -5*o + 30 = 2*s. List the prime factors of s.
2, 5
Suppose 0*v + 26 = 4*v 